{"id":1522,"date":"2021-09-29T10:06:42","date_gmt":"2021-09-29T08:06:42","guid":{"rendered":"https:\/\/www.cvs-avocats.com\/secteur\/filiere-equine-cheval\/"},"modified":"2026-04-10T15:59:22","modified_gmt":"2026-04-10T13:59:22","slug":"filiere-equine-cheval","status":"publish","type":"sector","link":"https:\/\/www.cvs-avocats.com\/fr\/secteur\/filiere-equine-cheval\/","title":{"rendered":"Fili\u00e8re \u00e9quine et ses acteurs"},"excerpt":{"rendered":"<p>Nous avons mis en place une \u00e9quipe pluridisciplinaire afin de r\u00e9pondre \u00e0 tous les enjeux juridiques li\u00e9s \u00e0 l\u2019activit\u00e9 \u00e9quine et \u00e0 la pratique de l\u2019\u00e9quitation.<\/p>\n","protected":false},"author":7,"featured_media":6393,"template":"","meta":{"_acf_changed":false},"class_list":["post-1522","sector","type-sector","status-publish","has-post-thumbnail","hentry"],"acf":[],"_links":{"self":[{"href":"https:\/\/www.cvs-avocats.com\/fr\/wp-json\/wp\/v2\/sector\/1522","targetHints":{"allow":["GET"]}}],"collection":[{"href":"https:\/\/www.cvs-avocats.com\/fr\/wp-json\/wp\/v2\/sector"}],"about":[{"href":"https:\/\/www.cvs-avocats.com\/fr\/wp-json\/wp\/v2\/types\/sector"}],"author":[{"embeddable":true,"href":"https:\/\/www.cvs-avocats.com\/fr\/wp-json\/wp\/v2\/users\/7"}],"version-history":[{"count":0,"href":"https:\/\/www.cvs-avocats.com\/fr\/wp-json\/wp\/v2\/sector\/1522\/revisions"}],"wp:featuredmedia":[{"embeddable":true,"href":"https:\/\/www.cvs-avocats.com\/fr\/wp-json\/wp\/v2\/media\/6393"}],"wp:attachment":[{"href":"https:\/\/www.cvs-avocats.com\/fr\/wp-json\/wp\/v2\/media?parent=1522"}],"curies":[{"name":"wp","href":"https:\/\/api.w.org\/{rel}","templated":true}]}}

Filière équine et ses acteurs

<p>Nous avons mis en place une équipe pluridisciplinaire afin de répondre à tous les enjeux juridiques liés à l’activité équine et à la pratique de l’équitation.</p>
