{"id":1514,"date":"2019-06-18T15:10:06","date_gmt":"2019-06-18T13:10:06","guid":{"rendered":"https:\/\/www.cvs-avocats.com\/secteur\/sante-secteur-medico-social\/"},"modified":"2026-04-29T12:21:47","modified_gmt":"2026-04-29T10:21:47","slug":"sante-secteur-medico-social","status":"publish","type":"sector","link":"https:\/\/www.cvs-avocats.com\/fr\/secteur\/sante-secteur-medico-social\/","title":{"rendered":"Sant\u00e9 \u2013 Secteur m\u00e9dico-social"},"excerpt":{"rendered":"<p>Cornet Vincent S\u00e9gurel accompagne les diff\u00e9rents professionnels de la sant\u00e9 dans l&rsquo;ensemble de leurs projets.<\/p>\n","protected":false},"author":7,"featured_media":6559,"template":"","meta":{"_acf_changed":false},"class_list":["post-1514","sector","type-sector","status-publish","has-post-thumbnail","hentry"],"acf":[],"_links":{"self":[{"href":"https:\/\/www.cvs-avocats.com\/fr\/wp-json\/wp\/v2\/sector\/1514","targetHints":{"allow":["GET"]}}],"collection":[{"href":"https:\/\/www.cvs-avocats.com\/fr\/wp-json\/wp\/v2\/sector"}],"about":[{"href":"https:\/\/www.cvs-avocats.com\/fr\/wp-json\/wp\/v2\/types\/sector"}],"author":[{"embeddable":true,"href":"https:\/\/www.cvs-avocats.com\/fr\/wp-json\/wp\/v2\/users\/7"}],"version-history":[{"count":0,"href":"https:\/\/www.cvs-avocats.com\/fr\/wp-json\/wp\/v2\/sector\/1514\/revisions"}],"wp:featuredmedia":[{"embeddable":true,"href":"https:\/\/www.cvs-avocats.com\/fr\/wp-json\/wp\/v2\/media\/6559"}],"wp:attachment":[{"href":"https:\/\/www.cvs-avocats.com\/fr\/wp-json\/wp\/v2\/media?parent=1514"}],"curies":[{"name":"wp","href":"https:\/\/api.w.org\/{rel}","templated":true}]}}

Santé – Secteur médico-social

<p>Cornet Vincent Ségurel accompagne les différents professionnels de la santé dans l&rsquo;ensemble de leurs projets.</p>
