{"id":4354,"date":"2019-06-20T13:47:57","date_gmt":"2019-06-20T11:47:57","guid":{"rendered":"https:\/\/www.cvs-avocats.com\/mentions-legales\/"},"modified":"2024-05-03T11:41:04","modified_gmt":"2024-05-03T09:41:04","slug":"mentions-legales","status":"publish","type":"page","link":"https:\/\/www.cvs-avocats.com\/fr\/mentions-legales\/","title":{"rendered":"Mentions l\u00e9gales"},"content":{"rendered":"\n<div class=\"wp-block-group\"><div class=\"wp-block-group__inner-container is-layout-constrained wp-block-group-is-layout-constrained\">\n<h2 class=\"wp-block-heading\">Editeur du site<\/h2>\n\n\n\n<p>Cornet Vincent S\u00e9gurel, Soci\u00e9t\u00e9 d&rsquo;Exercice Lib\u00e9ral A\u202fResponsabilit\u00e9 Limit\u00e9e\u202f(SELARL) inter-barreaux au capital social de 357 680,00 \u20ac, inscrite aux barreaux de Nantes, Paris, Rennes, Lille, Bordeaux et Lyon (ci-apr\u00e8s d\u00e9sign\u00e9e \u00ab\u202fCornet Vincent S\u00e9gurel\u202f\u00bb ou le \u00ab\u202fCabinet\u202f\u00bb).\u202f&nbsp;<\/p>\n\n\n\n<p>Adresse de l\u2019\u00e9tablissement principal\u202f: 28 Bd de Launay &#8211; 44186 Nantes cedex 4, France&nbsp;<\/p>\n\n\n\n<p>R.C.S. Nantes 344 040\u202f647&nbsp;<\/p>\n\n\n\n<p>N\u00b0 TVA intercommunautaire\u202f: FR 49\u202f344\u202f040 647&nbsp;<\/p>\n\n\n\n<p><strong>Contact\u202f:&nbsp;<\/strong><\/p>\n\n\n\n<ul class=\"wp-block-list\">\n<li>Par t\u00e9l\u00e9phone : 02 40 44 70 70&nbsp;<\/li>\n\n\n\n<li>Par e-mail\u202f\u00e0 l\u2019adresse suivante <a href=\"mailto:nantes@cvs-avocats.com\" target=\"_blank\" rel=\"noreferrer noopener\">communication@cvs-avocats.com<\/a>&nbsp;<\/li>\n<\/ul>\n\n\n\n<p><strong>Directeur de la publication\u202f:<\/strong> Mr&nbsp;Alban Pousset-Boug\u00e8re&nbsp;<\/p>\n\n\n\n<p>Cornet Vincent S\u00e9gurel, en tant que cabinet d\u2019avocats fran\u00e7ais, est soumis aux r\u00e8gles professionnelles relatives \u00e0 la profession d\u2019avocat issues du R\u00e8glement Int\u00e9rieur National (RIN), consultable \u00e0 l\u2019adresse suivante : <a href=\"https:\/\/www.cnb.avocat.fr\/sites\/default\/files\/rin_2021-01-18_consolidefinal.pdf\" target=\"_blank\" rel=\"noreferrer noopener\">https:\/\/www.cnb.avocat.fr\/sites\/default\/files\/rin_2021-01-18_consolidefinal.pdf<\/a>.&nbsp;<\/p>\n\n\n\n<p>Chacun des bureaux de Cornet Vincent S\u00e9gurel est dument inscrit aupr\u00e8s de l\u2019Ordre des Avocats dont il d\u00e9pend.&nbsp;&nbsp;<\/p>\n\n\n\n<p>Les avocats qui composent le Cabinet sont inscrits au Barreau dont d\u00e9pend le bureau auquel ils sont attach\u00e9s, sont soumis au RIN et aux dispositions propres \u00e0 leur barreau.&nbsp;<\/p>\n\n\n\n<div style=\"height:50px\" aria-hidden=\"true\" class=\"wp-block-spacer\"><\/div>\n\n\n\n<h2 class=\"wp-block-heading\">H\u00e9bergeur<\/h2>\n\n\n\n<p>Greenshift, Soci\u00e9t\u00e9 par Actions Simplifi\u00e9e au capital de 20\u202f000\u20ac, immatricul\u00e9e au RCS de Paris sous le num\u00e9ro B 524 234 051&nbsp;<\/p>\n\n\n\n<p>Adresse du si\u00e8ge social\u202f: 9, rue Campagne Premi\u00e8re, 75014 Paris, France&nbsp;<\/p>\n\n\n\n<p><strong>Contact\u202f:&nbsp;<\/strong><\/p>\n\n\n\n<ul class=\"wp-block-list\">\n<li>Par t\u00e9l\u00e9phone\u202fau 09 53 54 22 66&nbsp;<\/li>\n\n\n\n<li>Par e-mail\u202f\u00e0 l\u2019adresse suivante support@greenshift.eu&nbsp;<\/li>\n<\/ul>\n\n\n\n<div style=\"height:50px\" aria-hidden=\"true\" class=\"wp-block-spacer\"><\/div>\n\n\n\n<h2 class=\"wp-block-heading\">Propri\u00e9t\u00e9 intellectuelle<\/h2>\n\n\n\n<p>Le Site, sa structure g\u00e9n\u00e9rale et l\u2019ensemble de ses contenus sont prot\u00e9g\u00e9s par des droits de propri\u00e9t\u00e9 intellectuelle (notamment droit d\u2019auteur, droit des marques, droit des producteurs de bases de donn\u00e9es, noms de domaine et tout autre droit de propri\u00e9t\u00e9 intellectuelle existant ou futur, fran\u00e7ais et internationaux) et appartiennent au Cabinet ou \u00e0 des tiers ayant autoris\u00e9 le Cabinet \u00e0 les exploiter.&nbsp;<\/p>\n\n\n\n<p>Le Cabinet ne c\u00e8de ni ne conc\u00e8de aucun droit sur le Site et ses contenus aux visiteurs du Site, \u00e0 l\u2019exception d\u2019un droit personnel d\u2019acc\u00e8s, gratuit et non exclusif, limit\u00e9 exclusivement \u00e0 la consultation du Site et de ses contenus.&nbsp;<\/p>\n\n\n\n<p>Sauf autorisation expresse, la reproduction ainsi que toute utilisation du contenu du pr\u00e9sent Site \u00e0 d\u2019autres fins que la consultation individuelle et priv\u00e9e sont interdites.&nbsp;<\/p>\n\n\n\n<p>Par cons\u00e9quent, toute repr\u00e9sentation totale ou partielle de ce site et de son contenu, par quelques proc\u00e9d\u00e9s que ce soient, sans autorisation pr\u00e9alable du Directeur de la publication, est interdite et constituerait une contrefa\u00e7on sanctionn\u00e9e par les articles L335-2 et suivants du Code de la Propri\u00e9t\u00e9 Intellectuelle.&nbsp;<\/p>\n\n\n\n<div style=\"height:50px\" aria-hidden=\"true\" class=\"wp-block-spacer\"><\/div>\n\n\n\n<h2 class=\"wp-block-heading\">Donn\u00e9es personnelles et cookies<\/h2>\n\n\n\n<p>Le Cabinet est soucieux de la protection des Donn\u00e9es personnelles des visiteurs du Site et s\u2019engage \u00e0 les prot\u00e9ger en conformit\u00e9 avec la r\u00e9glementation applicable et notamment le <strong>R\u00e8glement (UE) n\u00b02016\/679 du 27 avril 2016<\/strong> dit <strong>\u00ab R\u00e8glement G\u00e9n\u00e9ral sur la Protection des Donn\u00e9es \u00bb ou \u00ab RGPD \u00bb et la loi n\u00b0 78-17 du 6 janvier 1978<\/strong> dite \u00ab Loi Informatique et Libert\u00e9s \u00bb modifi\u00e9e.&nbsp;&nbsp;<\/p>\n\n\n\n<p>Le Cabinet utilise des cookies sur le Site, pour am\u00e9liorer l\u2019exp\u00e9rience du visiteur sur le Site, fournir une s\u00e9curit\u00e9 suppl\u00e9mentaire et se souvenir du visiteur lorsqu\u2019il revient sur le Site.&nbsp;&nbsp;<\/p>\n\n\n\n<p>Retrouvez l\u2019int\u00e9gralit\u00e9 de la <a href=\"https:\/\/www.cvs-avocats.com\/fr\/politique-confidentialite\/\">Politique de confidentialit\u00e9 et de gestion des cookies ici<\/a>.<\/p>\n\n\n\n<div style=\"height:50px\" aria-hidden=\"true\" class=\"wp-block-spacer\"><\/div>\n\n\n\n<h2 class=\"wp-block-heading\">Limitation de responsabilit\u00e9<\/h2>\n\n\n\n<p>Le visiteur est inform\u00e9 que le contenu du Site n\u2019a qu\u2019une vocation informationnelle et ne saurait en aucun cas constituer une consultation ou un conseil juridique, et de ce fait engager la responsabilit\u00e9 du Cabinet.&nbsp;<\/p>\n\n\n\n<p>Le Cabinet fait ses meilleurs efforts pour maintenir et am\u00e9liorer la qualit\u00e9 de ce Site et la fiabilit\u00e9 des informations qu\u2019il contient. Cependant, le Cabinet ne saurait voir sa responsabilit\u00e9 engag\u00e9e du fait d\u2019omissions, ou de d\u00e9lais de mises \u00e0 jour des informations et de leurs \u00e9ventuelles cons\u00e9quences. Il appartient donc \u00e0 tout visiteur de v\u00e9rifier l\u2019exactitude des informations avant leur utilisation \u00e9ventuelle.&nbsp;<\/p>\n\n\n\n<p>Le Cabinet ne pourra \u00eatre tenue pour responsable de tout dommage direct ou indirect li\u00e9 \u00e0 la navigation du visiteur sur le Site.&nbsp;<\/p>\n\n\n\n<div style=\"height:50px\" aria-hidden=\"true\" class=\"wp-block-spacer\"><\/div>\n\n\n\n<div style=\"height:50px\" aria-hidden=\"true\" class=\"wp-block-spacer\"><\/div>\n\n\n\n<h2 class=\"wp-block-heading\">Liens hypertextes<\/h2>\n\n\n\n<p>Les liens externes utilis\u00e9s sur le Site ont tous fait l\u2019objet d\u2019une demande \u00e9crite d\u2019exploitation. Il est donc interdit de les employer sans autorisation expresse de leurs \u00e9diteurs respectifs.&nbsp;<\/p>\n\n\n\n<p>La cr\u00e9ation de liens hypertextes vers le Site est soumise \u00e0 l\u2019accord pr\u00e9alable du Directeur de la publication.&nbsp;&nbsp;<\/p>\n\n\n\n<p>Le Cabinet n\u2019est pas responsable du contenu de sites web tiers accessibles depuis le Site au moyen de liens hypertextes ni de ceux qui contiennent des liens pointant vers le Site.&nbsp;<\/p>\n\n\n\n<div style=\"height:50px\" aria-hidden=\"true\" class=\"wp-block-spacer\"><\/div>\n\n\n\n<h2 class=\"wp-block-heading\">Cr\u00e9dits Photos<\/h2>\n\n\n\n<p>Les portraits des avocats du Cabinet ont \u00e9t\u00e9 r\u00e9alis\u00e9s par :\u202f&nbsp;<\/p>\n\n\n\n<ul class=\"wp-block-list\">\n<li>Bordeaux : <a href=\"https:\/\/savi-photographe-bordeaux.com\/\">Savinien Tonelli<\/a>&nbsp;<\/li>\n\n\n\n<li>Lille : <a href=\"https:\/\/www.alexisdelespierre.com\/\">Alexis Delespierre<\/a><\/li>\n\n\n\n<li>Lyon :&nbsp;<a href=\"https:\/\/www.olivier-ramonteu.fr\/\">Olivier Ramonteu<\/a><\/li>\n\n\n\n<li>Nantes :&nbsp;<a href=\"https:\/\/www.davidlevron.com\/\">David Levron<\/a><\/li>\n\n\n\n<li>Paris :&nbsp;<a href=\"http:\/\/www.jimmydelpire.com\/\">Jimmy Delpire<\/a>, <a href=\"https:\/\/www.dolidon.photo\/\">S\u00e9bastien Dolidon<\/a>, <a href=\"http:\/\/www.aureliablanc.com\/\">Aur\u00e9lia Blanc<\/a><\/li>\n\n\n\n<li>Rennes : <a href=\"http:\/\/www.joubard.com\/\">Nicolas Joubard<\/a><\/li>\n<\/ul>\n\n\n\n<div style=\"height:50px\" aria-hidden=\"true\" class=\"wp-block-spacer\"><\/div>\n\n\n\n<h2 class=\"wp-block-heading\">Agences web<\/h2>\n\n\n\n<p>Cr\u00e9ation et maintenance : <a href=\"https:\/\/www.vigicorp.fr\/\">Vigicorp<\/a><\/p>\n<\/div><\/div>\n","protected":false},"excerpt":{"rendered":"<p>Retrouvez toutes les mentions l\u00e9gales utiles sur le cabinet d&rsquo;avocats Cornet Vincent S\u00e9gurel.<\/p>\n","protected":false},"author":7,"featured_media":0,"parent":0,"menu_order":0,"comment_status":"closed","ping_status":"closed","template":"","meta":{"_acf_changed":false,"footnotes":""},"class_list":["post-4354","page","type-page","status-publish","hentry"],"acf":[],"_links":{"self":[{"href":"https:\/\/www.cvs-avocats.com\/fr\/wp-json\/wp\/v2\/pages\/4354","targetHints":{"allow":["GET"]}}],"collection":[{"href":"https:\/\/www.cvs-avocats.com\/fr\/wp-json\/wp\/v2\/pages"}],"about":[{"href":"https:\/\/www.cvs-avocats.com\/fr\/wp-json\/wp\/v2\/types\/page"}],"author":[{"embeddable":true,"href":"https:\/\/www.cvs-avocats.com\/fr\/wp-json\/wp\/v2\/users\/7"}],"replies":[{"embeddable":true,"href":"https:\/\/www.cvs-avocats.com\/fr\/wp-json\/wp\/v2\/comments?post=4354"}],"version-history":[{"count":0,"href":"https:\/\/www.cvs-avocats.com\/fr\/wp-json\/wp\/v2\/pages\/4354\/revisions"}],"wp:attachment":[{"href":"https:\/\/www.cvs-avocats.com\/fr\/wp-json\/wp\/v2\/media?parent=4354"}],"curies":[{"name":"wp","href":"https:\/\/api.w.org\/{rel}","templated":true}]}}

Mentions légales

<div class="wp-block-group"><div class="wp-block-group__inner-container is-layout-constrained wp-block-group-is-layout-constrained">
<h2 class="wp-block-heading">Editeur du site</h2>



<p>Cornet Vincent Ségurel, Société d&rsquo;Exercice Libéral A Responsabilité Limitée (SELARL) inter-barreaux au capital social de 357 680,00 €, inscrite aux barreaux de Nantes, Paris, Rennes, Lille, Bordeaux et Lyon (ci-après désignée « Cornet Vincent Ségurel » ou le « Cabinet »). &nbsp;</p>



<p>Adresse de l’établissement principal : 28 Bd de Launay &#8211; 44186 Nantes cedex 4, France&nbsp;</p>



<p>R.C.S. Nantes 344 040 647&nbsp;</p>



<p>N° TVA intercommunautaire : FR 49 344 040 647&nbsp;</p>



<p><strong>Contact :&nbsp;</strong></p>



<ul class="wp-block-list">
<li>Par téléphone : 02 40 44 70 70&nbsp;</li>



<li>Par e-mail à l’adresse suivante <a href="mailto:nantes@cvs-avocats.com" target="_blank" rel="noreferrer noopener">communication@cvs-avocats.com</a>&nbsp;</li>
</ul>



<p><strong>Directeur de la publication :</strong> Mr&nbsp;Alban Pousset-Bougère&nbsp;</p>



<p>Cornet Vincent Ségurel, en tant que cabinet d’avocats français, est soumis aux règles professionnelles relatives à la profession d’avocat issues du Règlement Intérieur National (RIN), consultable à l’adresse suivante : <a href="https://www.cnb.avocat.fr/sites/default/files/rin_2021-01-18_consolidefinal.pdf" target="_blank" rel="noreferrer noopener">https://www.cnb.avocat.fr/sites/default/files/rin_2021-01-18_consolidefinal.pdf</a>.&nbsp;</p>



<p>Chacun des bureaux de Cornet Vincent Ségurel est dument inscrit auprès de l’Ordre des Avocats dont il dépend.&nbsp;&nbsp;</p>



<p>Les avocats qui composent le Cabinet sont inscrits au Barreau dont dépend le bureau auquel ils sont attachés, sont soumis au RIN et aux dispositions propres à leur barreau.&nbsp;</p>



<div style="height:50px" aria-hidden="true" class="wp-block-spacer"></div>



<h2 class="wp-block-heading">Hébergeur</h2>



<p>Greenshift, Société par Actions Simplifiée au capital de 20 000€, immatriculée au RCS de Paris sous le numéro B 524 234 051&nbsp;</p>



<p>Adresse du siège social : 9, rue Campagne Première, 75014 Paris, France&nbsp;</p>



<p><strong>Contact :&nbsp;</strong></p>



<ul class="wp-block-list">
<li>Par téléphone au 09 53 54 22 66&nbsp;</li>



<li>Par e-mail à l’adresse suivante support@greenshift.eu&nbsp;</li>
</ul>



<div style="height:50px" aria-hidden="true" class="wp-block-spacer"></div>



<h2 class="wp-block-heading">Propriété intellectuelle</h2>



<p>Le Site, sa structure générale et l’ensemble de ses contenus sont protégés par des droits de propriété intellectuelle (notamment droit d’auteur, droit des marques, droit des producteurs de bases de données, noms de domaine et tout autre droit de propriété intellectuelle existant ou futur, français et internationaux) et appartiennent au Cabinet ou à des tiers ayant autorisé le Cabinet à les exploiter.&nbsp;</p>



<p>Le Cabinet ne cède ni ne concède aucun droit sur le Site et ses contenus aux visiteurs du Site, à l’exception d’un droit personnel d’accès, gratuit et non exclusif, limité exclusivement à la consultation du Site et de ses contenus.&nbsp;</p>



<p>Sauf autorisation expresse, la reproduction ainsi que toute utilisation du contenu du présent Site à d’autres fins que la consultation individuelle et privée sont interdites.&nbsp;</p>



<p>Par conséquent, toute représentation totale ou partielle de ce site et de son contenu, par quelques procédés que ce soient, sans autorisation préalable du Directeur de la publication, est interdite et constituerait une contrefaçon sanctionnée par les articles L335-2 et suivants du Code de la Propriété Intellectuelle.&nbsp;</p>



<div style="height:50px" aria-hidden="true" class="wp-block-spacer"></div>



<h2 class="wp-block-heading">Données personnelles et cookies</h2>



<p>Le Cabinet est soucieux de la protection des Données personnelles des visiteurs du Site et s’engage à les protéger en conformité avec la réglementation applicable et notamment le <strong>Règlement (UE) n°2016/679 du 27 avril 2016</strong> dit <strong>« Règlement Général sur la Protection des Données » ou « RGPD » et la loi n° 78-17 du 6 janvier 1978</strong> dite « Loi Informatique et Libertés » modifiée.&nbsp;&nbsp;</p>



<p>Le Cabinet utilise des cookies sur le Site, pour améliorer l’expérience du visiteur sur le Site, fournir une sécurité supplémentaire et se souvenir du visiteur lorsqu’il revient sur le Site.&nbsp;&nbsp;</p>



<p>Retrouvez l’intégralité de la <a href="https://www.cvs-avocats.com/fr/politique-confidentialite/">Politique de confidentialité et de gestion des cookies ici</a>.</p>



<div style="height:50px" aria-hidden="true" class="wp-block-spacer"></div>



<h2 class="wp-block-heading">Limitation de responsabilité</h2>



<p>Le visiteur est informé que le contenu du Site n’a qu’une vocation informationnelle et ne saurait en aucun cas constituer une consultation ou un conseil juridique, et de ce fait engager la responsabilité du Cabinet.&nbsp;</p>



<p>Le Cabinet fait ses meilleurs efforts pour maintenir et améliorer la qualité de ce Site et la fiabilité des informations qu’il contient. Cependant, le Cabinet ne saurait voir sa responsabilité engagée du fait d’omissions, ou de délais de mises à jour des informations et de leurs éventuelles conséquences. Il appartient donc à tout visiteur de vérifier l’exactitude des informations avant leur utilisation éventuelle.&nbsp;</p>



<p>Le Cabinet ne pourra être tenue pour responsable de tout dommage direct ou indirect lié à la navigation du visiteur sur le Site.&nbsp;</p>



<div style="height:50px" aria-hidden="true" class="wp-block-spacer"></div>



<div style="height:50px" aria-hidden="true" class="wp-block-spacer"></div>



<h2 class="wp-block-heading">Liens hypertextes</h2>



<p>Les liens externes utilisés sur le Site ont tous fait l’objet d’une demande écrite d’exploitation. Il est donc interdit de les employer sans autorisation expresse de leurs éditeurs respectifs.&nbsp;</p>



<p>La création de liens hypertextes vers le Site est soumise à l’accord préalable du Directeur de la publication.&nbsp;&nbsp;</p>



<p>Le Cabinet n’est pas responsable du contenu de sites web tiers accessibles depuis le Site au moyen de liens hypertextes ni de ceux qui contiennent des liens pointant vers le Site.&nbsp;</p>



<div style="height:50px" aria-hidden="true" class="wp-block-spacer"></div>



<h2 class="wp-block-heading">Crédits Photos</h2>



<p>Les portraits des avocats du Cabinet ont été réalisés par : &nbsp;</p>



<ul class="wp-block-list">
<li>Bordeaux : <a href="https://savi-photographe-bordeaux.com/">Savinien Tonelli</a>&nbsp;</li>



<li>Lille : <a href="https://www.alexisdelespierre.com/">Alexis Delespierre</a></li>



<li>Lyon :&nbsp;<a href="https://www.olivier-ramonteu.fr/">Olivier Ramonteu</a></li>



<li>Nantes :&nbsp;<a href="https://www.davidlevron.com/">David Levron</a></li>



<li>Paris :&nbsp;<a href="http://www.jimmydelpire.com/">Jimmy Delpire</a>, <a href="https://www.dolidon.photo/">Sébastien Dolidon</a>, <a href="http://www.aureliablanc.com/">Aurélia Blanc</a></li>



<li>Rennes : <a href="http://www.joubard.com/">Nicolas Joubard</a></li>
</ul>



<div style="height:50px" aria-hidden="true" class="wp-block-spacer"></div>



<h2 class="wp-block-heading">Agences web</h2>



<p>Création et maintenance : <a href="https://www.vigicorp.fr/">Vigicorp</a></p>
</div></div>

<p>Retrouvez toutes les mentions légales utiles sur le cabinet d&rsquo;avocats Cornet Vincent Ségurel.</p>
