{"id":214,"date":"2023-10-11T11:21:58","date_gmt":"2023-10-11T09:21:58","guid":{"rendered":"https:\/\/www.cvs-avocats.com\/?page_id=214"},"modified":"2024-04-26T11:32:03","modified_gmt":"2024-04-26T09:32:03","slug":"international","status":"publish","type":"page","link":"https:\/\/www.cvs-avocats.com\/fr\/international\/","title":{"rendered":"International"},"content":{"rendered":"\n<div class=\"wp-block-group\"><div class=\"wp-block-group__inner-container is-layout-constrained wp-block-group-is-layout-constrained\">\n<div class=\"wp-block-columns is-layout-flex wp-container-core-columns-is-layout-9d6595d7 wp-block-columns-is-layout-flex\">\n<div class=\"wp-block-column is-layout-flow wp-block-column-is-layout-flow\"><div class=\"wp-block-image\">\n<figure class=\"aligncenter size-full\"><img decoding=\"async\" width=\"718\" height=\"209\" data-src=\"https:\/\/www.cvs-avocats.com\/wp-content\/uploads\/2024\/04\/GLOBAL-ADVOCATEN-LOGO.jpg\" alt=\"\" class=\"wp-image-7063 lazyload\" data-srcset=\"https:\/\/www.cvs-avocats.com\/wp-content\/uploads\/2024\/04\/GLOBAL-ADVOCATEN-LOGO.jpg 718w, https:\/\/www.cvs-avocats.com\/wp-content\/uploads\/2024\/04\/GLOBAL-ADVOCATEN-LOGO-300x87.jpg 300w\" data-sizes=\"(max-width: 718px) 100vw, 718px\" src=\"data:image\/svg+xml;base64,PHN2ZyB3aWR0aD0iMSIgaGVpZ2h0PSIxIiB4bWxucz0iaHR0cDovL3d3dy53My5vcmcvMjAwMC9zdmciPjwvc3ZnPg==\" style=\"--smush-placeholder-width: 718px; --smush-placeholder-aspect-ratio: 718\/209;\" \/><\/figure>\n<\/div><\/div>\n\n\n\n<div class=\"wp-block-column is-layout-flow wp-block-column-is-layout-flow\">\n<h3 class=\"wp-block-heading\">Globaladvocaten<\/h3>\n\n\n\n<p>Cornet Vincent S\u00e9gurel est membre de&nbsp;<a href=\"https:\/\/www.globaladvocaten.com\/\" target=\"_blank\" rel=\"noreferrer noopener\">Globaldvocaten<\/a>, r\u00e9seau international d&rsquo;avocats europ\u00e9ens. Ce r\u00e9seau inclut plus de 800 avocats travaillant dans<strong>&nbsp;27 villes&nbsp;<\/strong>et pr\u00e9sents dans&nbsp;<strong>25 pays<\/strong>&nbsp;diff\u00e9rents.&nbsp;<\/p>\n<\/div>\n<\/div>\n\n\n\n<div style=\"height:62px\" aria-hidden=\"true\" class=\"wp-block-spacer\"><\/div>\n\n\n\n<div class=\"wp-block-columns is-layout-flex wp-container-core-columns-is-layout-9d6595d7 wp-block-columns-is-layout-flex\">\n<div class=\"wp-block-column is-layout-flow wp-block-column-is-layout-flow\"><div class=\"wp-block-image\">\n<figure class=\"alignleft size-full\"><img decoding=\"async\" width=\"240\" height=\"249\" data-src=\"https:\/\/www.cvs-avocats.com\/wp-content\/uploads\/2024\/04\/ADVOC-LOGO.jpeg\" alt=\"\" class=\"wp-image-7070 lazyload\" src=\"data:image\/svg+xml;base64,PHN2ZyB3aWR0aD0iMSIgaGVpZ2h0PSIxIiB4bWxucz0iaHR0cDovL3d3dy53My5vcmcvMjAwMC9zdmciPjwvc3ZnPg==\" style=\"--smush-placeholder-width: 240px; --smush-placeholder-aspect-ratio: 240\/249;\" \/><\/figure>\n<\/div><\/div>\n\n\n\n<div class=\"wp-block-column is-layout-flow wp-block-column-is-layout-flow\">\n<h3 class=\"wp-block-heading\">Advoc<\/h3>\n\n\n\n<p>Notre cabinet d&rsquo;avocats est \u00e9galement membre du r\u00e9seau&nbsp;<a href=\"https:\/\/www.advoc.com\/\" target=\"_blank\" rel=\"noreferrer noopener\">Advoc&nbsp;<\/a>&nbsp;qui est pr\u00e9sent&nbsp;\u00e0 l&rsquo;international avec&nbsp;<strong>92 cabinets&nbsp;<\/strong>et&nbsp;<strong>5 500 avocats&nbsp;<\/strong>dans&nbsp;<strong>73 pays&nbsp;<\/strong>en Europe, Asie, Am\u00e9rique Latine et aux Etats-Unis.&nbsp;<\/p>\n<\/div>\n<\/div>\n\n\n\n<div class=\"wp-block-columns is-layout-flex wp-container-core-columns-is-layout-9d6595d7 wp-block-columns-is-layout-flex\">\n<div class=\"wp-block-column is-layout-flow wp-block-column-is-layout-flow\">\n<figure class=\"wp-block-image size-full\"><img decoding=\"async\" width=\"240\" height=\"249\" data-src=\"https:\/\/www.cvs-avocats.com\/wp-content\/uploads\/2024\/04\/EUROJURIS-INTERNATIONAL-LOGO.jpeg\" alt=\"\" class=\"wp-image-7072 lazyload\" src=\"data:image\/svg+xml;base64,PHN2ZyB3aWR0aD0iMSIgaGVpZ2h0PSIxIiB4bWxucz0iaHR0cDovL3d3dy53My5vcmcvMjAwMC9zdmciPjwvc3ZnPg==\" style=\"--smush-placeholder-width: 240px; --smush-placeholder-aspect-ratio: 240\/249;\" \/><\/figure>\n<\/div>\n\n\n\n<div class=\"wp-block-column is-layout-flow wp-block-column-is-layout-flow\">\n<h3 class=\"wp-block-heading\">Eurojuris International<\/h3>\n\n\n\n<p>Cornet Vincent S\u00e9gurel est membre du r\u00e9seau&nbsp;<a href=\"http:\/\/www.eurojuris.net\/en\" target=\"_blank\" rel=\"noreferrer noopener\">Eurojuris International<\/a>, premier groupe europ\u00e9en de cabinets d\u2019avocats en Europe, pr\u00e9sent dans&nbsp;<strong>610 villes<\/strong>&nbsp;diff\u00e9rentes&nbsp;et dans&nbsp;<strong>30 pays.<\/strong><\/p>\n<\/div>\n<\/div>\n\n\n\n<h2 class=\"wp-block-heading\">L&rsquo;exp\u00e9rience des op\u00e9rations cross-border<\/h2>\n\n\n\n<p>Cornet Vincent S\u00e9gurel assiste ses clients dans leurs relations juridiques ou dans leurs \u00e9changes commerciaux avec des parties \u00e9trang\u00e8res. Nous les accompagnons&nbsp;aussi activement dans leur expansion internationale.<\/p>\n\n\n\n<p>Nous avons une forte expertise des op\u00e9rations de fusion-acquisition cross-border pour lesquelles sont mobilis\u00e9es les comp\u00e9tences des r\u00e9seaux d\u2019avocats auxquels nous appartenons.<\/p>\n\n\n\n<h2 class=\"wp-block-heading\">Des partenaires de longue date<\/h2>\n\n\n\n<p>Les cabinets composant ces r\u00e9seaux sont s\u00e9lectionn\u00e9s pour leurs comp\u00e9tences particuli\u00e8res dans leurs domaines d&rsquo;activit\u00e9 respectifs, la qualit\u00e9 des services fournis et leur r\u00e9activit\u00e9.<\/p>\n\n\n\n<p>Notre appartenance \u00e0 ces r\u00e9seaux nous permet de&nbsp;<strong>cr\u00e9er des liens p\u00e9rennes de qualit\u00e9<\/strong>&nbsp;avec leurs&nbsp;diff\u00e9rents membres&nbsp;afin de d&rsquo;offrir \u00e0 nos clients,&nbsp;<strong>un service de conseil et d&rsquo;assistance juridiques dans les principaux domaines du droit des affaires :&nbsp;<\/strong>droit des soci\u00e9t\u00e9s, droit fiscal, contentieux commercial, droit commercial, droit public&#8230; Nous sommes en capacit\u00e9 d&rsquo;accompagner nos clients en tout point ou presque de la plan\u00e8te, et de&nbsp;<strong>g\u00e9rer de mani\u00e8re coordonn\u00e9e les projets internationaux<\/strong>.<\/p>\n\n\n\n<p>Cornet Vincent S\u00e9gurel accompagne par ailleurs au quotidien de nombreuses soci\u00e9t\u00e9s ou filiales de soci\u00e9t\u00e9s \u00e9trang\u00e8res implant\u00e9es en France dans toutes leurs probl\u00e9matiques juridiques.<\/p>\n<\/div><\/div>\n","protected":false},"excerpt":{"rendered":"<p>Cornet Vincent S\u00e9gurel est membre de trois r\u00e9seaux internationaux, permettant de g\u00e9rer de mani\u00e8re coordonn\u00e9e les projets transfrontaliers.<\/p>\n","protected":false},"author":1,"featured_media":8578,"parent":0,"menu_order":0,"comment_status":"closed","ping_status":"closed","template":"","meta":{"_acf_changed":false,"footnotes":""},"class_list":["post-214","page","type-page","status-publish","has-post-thumbnail","hentry"],"acf":[],"_links":{"self":[{"href":"https:\/\/www.cvs-avocats.com\/fr\/wp-json\/wp\/v2\/pages\/214","targetHints":{"allow":["GET"]}}],"collection":[{"href":"https:\/\/www.cvs-avocats.com\/fr\/wp-json\/wp\/v2\/pages"}],"about":[{"href":"https:\/\/www.cvs-avocats.com\/fr\/wp-json\/wp\/v2\/types\/page"}],"author":[{"embeddable":true,"href":"https:\/\/www.cvs-avocats.com\/fr\/wp-json\/wp\/v2\/users\/1"}],"replies":[{"embeddable":true,"href":"https:\/\/www.cvs-avocats.com\/fr\/wp-json\/wp\/v2\/comments?post=214"}],"version-history":[{"count":0,"href":"https:\/\/www.cvs-avocats.com\/fr\/wp-json\/wp\/v2\/pages\/214\/revisions"}],"wp:featuredmedia":[{"embeddable":true,"href":"https:\/\/www.cvs-avocats.com\/fr\/wp-json\/wp\/v2\/media\/8578"}],"wp:attachment":[{"href":"https:\/\/www.cvs-avocats.com\/fr\/wp-json\/wp\/v2\/media?parent=214"}],"curies":[{"name":"wp","href":"https:\/\/api.w.org\/{rel}","templated":true}]}}

<div class="wp-block-group"><div class="wp-block-group__inner-container is-layout-constrained wp-block-group-is-layout-constrained">
<div class="wp-block-columns is-layout-flex wp-container-core-columns-is-layout-9d6595d7 wp-block-columns-is-layout-flex">
<div class="wp-block-column is-layout-flow wp-block-column-is-layout-flow"><div class="wp-block-image">
<figure class="aligncenter size-full"><img decoding="async" width="718" height="209" data-src="https://www.cvs-avocats.com/wp-content/uploads/2024/04/GLOBAL-ADVOCATEN-LOGO.jpg" alt="" class="wp-image-7063 lazyload" data-srcset="https://www.cvs-avocats.com/wp-content/uploads/2024/04/GLOBAL-ADVOCATEN-LOGO.jpg 718w, https://www.cvs-avocats.com/wp-content/uploads/2024/04/GLOBAL-ADVOCATEN-LOGO-300x87.jpg 300w" data-sizes="(max-width: 718px) 100vw, 718px" src="data:image/svg+xml;base64,PHN2ZyB3aWR0aD0iMSIgaGVpZ2h0PSIxIiB4bWxucz0iaHR0cDovL3d3dy53My5vcmcvMjAwMC9zdmciPjwvc3ZnPg==" style="--smush-placeholder-width: 718px; --smush-placeholder-aspect-ratio: 718/209;" /></figure>
</div></div>



<div class="wp-block-column is-layout-flow wp-block-column-is-layout-flow">
<h3 class="wp-block-heading">Globaladvocaten</h3>



<p>Cornet Vincent Ségurel est membre de&nbsp;<a href="https://www.globaladvocaten.com/" target="_blank" rel="noreferrer noopener">Globaldvocaten</a>, réseau international d&rsquo;avocats européens. Ce réseau inclut plus de 800 avocats travaillant dans<strong>&nbsp;27 villes&nbsp;</strong>et présents dans&nbsp;<strong>25 pays</strong>&nbsp;différents.&nbsp;</p>
</div>
</div>



<div style="height:62px" aria-hidden="true" class="wp-block-spacer"></div>



<div class="wp-block-columns is-layout-flex wp-container-core-columns-is-layout-9d6595d7 wp-block-columns-is-layout-flex">
<div class="wp-block-column is-layout-flow wp-block-column-is-layout-flow"><div class="wp-block-image">
<figure class="alignleft size-full"><img decoding="async" width="240" height="249" data-src="https://www.cvs-avocats.com/wp-content/uploads/2024/04/ADVOC-LOGO.jpeg" alt="" class="wp-image-7070 lazyload" src="data:image/svg+xml;base64,PHN2ZyB3aWR0aD0iMSIgaGVpZ2h0PSIxIiB4bWxucz0iaHR0cDovL3d3dy53My5vcmcvMjAwMC9zdmciPjwvc3ZnPg==" style="--smush-placeholder-width: 240px; --smush-placeholder-aspect-ratio: 240/249;" /></figure>
</div></div>



<div class="wp-block-column is-layout-flow wp-block-column-is-layout-flow">
<h3 class="wp-block-heading">Advoc</h3>



<p>Notre cabinet d&rsquo;avocats est également membre du réseau&nbsp;<a href="https://www.advoc.com/" target="_blank" rel="noreferrer noopener">Advoc&nbsp;</a>&nbsp;qui est présent&nbsp;à l&rsquo;international avec&nbsp;<strong>92 cabinets&nbsp;</strong>et&nbsp;<strong>5 500 avocats&nbsp;</strong>dans&nbsp;<strong>73 pays&nbsp;</strong>en Europe, Asie, Amérique Latine et aux Etats-Unis.&nbsp;</p>
</div>
</div>



<div class="wp-block-columns is-layout-flex wp-container-core-columns-is-layout-9d6595d7 wp-block-columns-is-layout-flex">
<div class="wp-block-column is-layout-flow wp-block-column-is-layout-flow">
<figure class="wp-block-image size-full"><img decoding="async" width="240" height="249" data-src="https://www.cvs-avocats.com/wp-content/uploads/2024/04/EUROJURIS-INTERNATIONAL-LOGO.jpeg" alt="" class="wp-image-7072 lazyload" src="data:image/svg+xml;base64,PHN2ZyB3aWR0aD0iMSIgaGVpZ2h0PSIxIiB4bWxucz0iaHR0cDovL3d3dy53My5vcmcvMjAwMC9zdmciPjwvc3ZnPg==" style="--smush-placeholder-width: 240px; --smush-placeholder-aspect-ratio: 240/249;" /></figure>
</div>



<div class="wp-block-column is-layout-flow wp-block-column-is-layout-flow">
<h3 class="wp-block-heading">Eurojuris International</h3>



<p>Cornet Vincent Ségurel est membre du réseau&nbsp;<a href="http://www.eurojuris.net/en" target="_blank" rel="noreferrer noopener">Eurojuris International</a>, premier groupe européen de cabinets d’avocats en Europe, présent dans&nbsp;<strong>610 villes</strong>&nbsp;différentes&nbsp;et dans&nbsp;<strong>30 pays.</strong></p>
</div>
</div>



<h2 class="wp-block-heading">L&rsquo;expérience des opérations cross-border</h2>



<p>Cornet Vincent Ségurel assiste ses clients dans leurs relations juridiques ou dans leurs échanges commerciaux avec des parties étrangères. Nous les accompagnons&nbsp;aussi activement dans leur expansion internationale.</p>



<p>Nous avons une forte expertise des opérations de fusion-acquisition cross-border pour lesquelles sont mobilisées les compétences des réseaux d’avocats auxquels nous appartenons.</p>



<h2 class="wp-block-heading">Des partenaires de longue date</h2>



<p>Les cabinets composant ces réseaux sont sélectionnés pour leurs compétences particulières dans leurs domaines d&rsquo;activité respectifs, la qualité des services fournis et leur réactivité.</p>



<p>Notre appartenance à ces réseaux nous permet de&nbsp;<strong>créer des liens pérennes de qualité</strong>&nbsp;avec leurs&nbsp;différents membres&nbsp;afin de d&rsquo;offrir à nos clients,&nbsp;<strong>un service de conseil et d&rsquo;assistance juridiques dans les principaux domaines du droit des affaires :&nbsp;</strong>droit des sociétés, droit fiscal, contentieux commercial, droit commercial, droit public&#8230; Nous sommes en capacité d&rsquo;accompagner nos clients en tout point ou presque de la planète, et de&nbsp;<strong>gérer de manière coordonnée les projets internationaux</strong>.</p>



<p>Cornet Vincent Ségurel accompagne par ailleurs au quotidien de nombreuses sociétés ou filiales de sociétés étrangères implantées en France dans toutes leurs problématiques juridiques.</p>
</div></div>

<p>Cornet Vincent Ségurel est membre de trois réseaux internationaux, permettant de gérer de manière coordonnée les projets transfrontaliers.</p>
