{"id":1812,"date":"2019-08-05T07:59:22","date_gmt":"2019-08-05T05:59:22","guid":{"rendered":"https:\/\/www.cvs-avocats.com\/avocats\/sebastien-harel\/"},"modified":"2024-08-30T18:11:03","modified_gmt":"2024-08-30T16:11:03","slug":"sebastien-harel","status":"publish","type":"lawyer","link":"https:\/\/www.cvs-avocats.com\/fr\/avocats\/sebastien-harel\/","title":{"rendered":"S\u00e9bastien HAREL"},"excerpt":{"rendered":"<p>S\u00e9bastien HAREL a d\u00e9velopp\u00e9 une expertise reconnue en contentieux de droit des soci\u00e9t\u00e9s et en restructuring.<\/p>\n","protected":false},"author":7,"featured_media":5624,"template":"","meta":{"_acf_changed":false},"class_list":["post-1812","lawyer","type-lawyer","status-publish","has-post-thumbnail","hentry"],"acf":[],"_links":{"self":[{"href":"https:\/\/www.cvs-avocats.com\/fr\/wp-json\/wp\/v2\/lawyer\/1812","targetHints":{"allow":["GET"]}}],"collection":[{"href":"https:\/\/www.cvs-avocats.com\/fr\/wp-json\/wp\/v2\/lawyer"}],"about":[{"href":"https:\/\/www.cvs-avocats.com\/fr\/wp-json\/wp\/v2\/types\/lawyer"}],"author":[{"embeddable":true,"href":"https:\/\/www.cvs-avocats.com\/fr\/wp-json\/wp\/v2\/users\/7"}],"version-history":[{"count":0,"href":"https:\/\/www.cvs-avocats.com\/fr\/wp-json\/wp\/v2\/lawyer\/1812\/revisions"}],"wp:featuredmedia":[{"embeddable":true,"href":"https:\/\/www.cvs-avocats.com\/fr\/wp-json\/wp\/v2\/media\/5624"}],"wp:attachment":[{"href":"https:\/\/www.cvs-avocats.com\/fr\/wp-json\/wp\/v2\/media?parent=1812"}],"curies":[{"name":"wp","href":"https:\/\/api.w.org\/{rel}","templated":true}]}}

Sébastien HAREL

<p>Sébastien HAREL a développé une expertise reconnue en contentieux de droit des sociétés et en restructuring.</p>
