{"id":1355,"date":"2019-12-23T11:10:59","date_gmt":"2019-12-23T10:10:59","guid":{"rendered":"https:\/\/www.cvs-avocats.com\/expertise\/domaine\/action-sociale\/"},"modified":"2025-07-07T15:58:44","modified_gmt":"2025-07-07T13:58:44","slug":"action-sociale","status":"publish","type":"intervention_field","link":"https:\/\/www.cvs-avocats.com\/fr\/domaine\/action-sociale\/","title":{"rendered":"Action Sociale"},"excerpt":{"rendered":"<p>L\u2019action sociale, principalement port\u00e9e par les D\u00e9partements en tant que titulaires de la comp\u00e9tence, nous am\u00e8ne \u00e0 intervenir quotidiennement dans toutes les aspects de ce domaine.<\/p>\n","protected":false},"author":7,"featured_media":6385,"template":"","meta":{"_acf_changed":false},"class_list":["post-1355","intervention_field","type-intervention_field","status-publish","has-post-thumbnail","hentry"],"acf":[],"_links":{"self":[{"href":"https:\/\/www.cvs-avocats.com\/fr\/wp-json\/wp\/v2\/intervention_field\/1355","targetHints":{"allow":["GET"]}}],"collection":[{"href":"https:\/\/www.cvs-avocats.com\/fr\/wp-json\/wp\/v2\/intervention_field"}],"about":[{"href":"https:\/\/www.cvs-avocats.com\/fr\/wp-json\/wp\/v2\/types\/intervention_field"}],"author":[{"embeddable":true,"href":"https:\/\/www.cvs-avocats.com\/fr\/wp-json\/wp\/v2\/users\/7"}],"version-history":[{"count":0,"href":"https:\/\/www.cvs-avocats.com\/fr\/wp-json\/wp\/v2\/intervention_field\/1355\/revisions"}],"wp:featuredmedia":[{"embeddable":true,"href":"https:\/\/www.cvs-avocats.com\/fr\/wp-json\/wp\/v2\/media\/6385"}],"wp:attachment":[{"href":"https:\/\/www.cvs-avocats.com\/fr\/wp-json\/wp\/v2\/media?parent=1355"}],"curies":[{"name":"wp","href":"https:\/\/api.w.org\/{rel}","templated":true}]}}

<p>L’action sociale, principalement portée par les Départements en tant que titulaires de la compétence, nous amène à intervenir quotidiennement dans toutes les aspects de ce domaine.</p>
