{"id":1351,"date":"2019-07-17T13:06:06","date_gmt":"2019-07-17T11:06:06","guid":{"rendered":"https:\/\/www.cvs-avocats.com\/expertise\/domaine\/fiscalite-internationale\/"},"modified":"2025-07-07T15:49:37","modified_gmt":"2025-07-07T13:49:37","slug":"fiscalite-internationale","status":"publish","type":"intervention_field","link":"https:\/\/www.cvs-avocats.com\/fr\/domaine\/fiscalite-internationale\/","title":{"rendered":"Fiscalit\u00e9 internationale"},"excerpt":{"rendered":"<p>Cornet Vincent S\u00e9gurel vous assiste dans le cadre de vos op\u00e9rations \u00e0 dimension internationale<\/p>\n","protected":false},"author":7,"featured_media":6381,"template":"","meta":{"_acf_changed":false},"class_list":["post-1351","intervention_field","type-intervention_field","status-publish","has-post-thumbnail","hentry"],"acf":[],"_links":{"self":[{"href":"https:\/\/www.cvs-avocats.com\/fr\/wp-json\/wp\/v2\/intervention_field\/1351","targetHints":{"allow":["GET"]}}],"collection":[{"href":"https:\/\/www.cvs-avocats.com\/fr\/wp-json\/wp\/v2\/intervention_field"}],"about":[{"href":"https:\/\/www.cvs-avocats.com\/fr\/wp-json\/wp\/v2\/types\/intervention_field"}],"author":[{"embeddable":true,"href":"https:\/\/www.cvs-avocats.com\/fr\/wp-json\/wp\/v2\/users\/7"}],"version-history":[{"count":0,"href":"https:\/\/www.cvs-avocats.com\/fr\/wp-json\/wp\/v2\/intervention_field\/1351\/revisions"}],"wp:featuredmedia":[{"embeddable":true,"href":"https:\/\/www.cvs-avocats.com\/fr\/wp-json\/wp\/v2\/media\/6381"}],"wp:attachment":[{"href":"https:\/\/www.cvs-avocats.com\/fr\/wp-json\/wp\/v2\/media?parent=1351"}],"curies":[{"name":"wp","href":"https:\/\/api.w.org\/{rel}","templated":true}]}}

Fiscalité internationale

<p>Cornet Vincent Ségurel vous assiste dans le cadre de vos opérations à dimension internationale</p>
