{"id":1349,"date":"2019-07-17T13:03:35","date_gmt":"2019-07-17T11:03:35","guid":{"rendered":"https:\/\/www.cvs-avocats.com\/expertise\/domaine\/fiscalite-patrimoniale-transmission-pacte-dutreil-ifi\/"},"modified":"2025-07-07T13:29:22","modified_gmt":"2025-07-07T11:29:22","slug":"fiscalite-patrimoniale-transmission-pacte-dutreil-ifi","status":"publish","type":"intervention_field","link":"https:\/\/www.cvs-avocats.com\/fr\/domaine\/fiscalite-patrimoniale-transmission-pacte-dutreil-ifi\/","title":{"rendered":"Fiscalit\u00e9 patrimoniale &#8211; Transmission &#8211; Pacte Dutreil &#8211; IFI"},"excerpt":{"rendered":"<p>Cornet Vincent S\u00e9gurel offre son expertise en mati\u00e8re de fiscalit\u00e9 patrimoniale.<\/p>\n","protected":false},"author":7,"featured_media":6381,"template":"","meta":{"_acf_changed":false},"class_list":["post-1349","intervention_field","type-intervention_field","status-publish","has-post-thumbnail","hentry"],"acf":[],"_links":{"self":[{"href":"https:\/\/www.cvs-avocats.com\/fr\/wp-json\/wp\/v2\/intervention_field\/1349","targetHints":{"allow":["GET"]}}],"collection":[{"href":"https:\/\/www.cvs-avocats.com\/fr\/wp-json\/wp\/v2\/intervention_field"}],"about":[{"href":"https:\/\/www.cvs-avocats.com\/fr\/wp-json\/wp\/v2\/types\/intervention_field"}],"author":[{"embeddable":true,"href":"https:\/\/www.cvs-avocats.com\/fr\/wp-json\/wp\/v2\/users\/7"}],"version-history":[{"count":0,"href":"https:\/\/www.cvs-avocats.com\/fr\/wp-json\/wp\/v2\/intervention_field\/1349\/revisions"}],"wp:featuredmedia":[{"embeddable":true,"href":"https:\/\/www.cvs-avocats.com\/fr\/wp-json\/wp\/v2\/media\/6381"}],"wp:attachment":[{"href":"https:\/\/www.cvs-avocats.com\/fr\/wp-json\/wp\/v2\/media?parent=1349"}],"curies":[{"name":"wp","href":"https:\/\/api.w.org\/{rel}","templated":true}]}}

Fiscalité patrimoniale &#8211; Transmission &#8211; Pacte Dutreil &#8211; IFI

<p>Cornet Vincent Ségurel offre son expertise en matière de fiscalité patrimoniale.</p>
