{"id":1337,"date":"2019-07-17T10:05:35","date_gmt":"2019-07-17T08:05:35","guid":{"rendered":"https:\/\/www.cvs-avocats.com\/expertise\/domaine\/cessions-et-reprises\/"},"modified":"2026-03-17T15:07:36","modified_gmt":"2026-03-17T14:07:36","slug":"cessions-et-reprises","status":"publish","type":"intervention_field","link":"https:\/\/www.cvs-avocats.com\/fr\/domaine\/cessions-et-reprises\/","title":{"rendered":"Cessions et reprises"},"excerpt":{"rendered":"<p>Cornet Vincent S\u00e9gurel intervient soit \u00e0 l\u2019occasion de cessions amiables du capital des soci\u00e9t\u00e9s en difficult\u00e9s, soit dans le cadre de la cession judiciaire de tout ou partie des actifs de l\u2019entreprise en difficult\u00e9s.<\/p>\n","protected":false},"author":7,"featured_media":6482,"template":"","meta":{"_acf_changed":false},"class_list":["post-1337","intervention_field","type-intervention_field","status-publish","has-post-thumbnail","hentry"],"acf":[],"_links":{"self":[{"href":"https:\/\/www.cvs-avocats.com\/fr\/wp-json\/wp\/v2\/intervention_field\/1337","targetHints":{"allow":["GET"]}}],"collection":[{"href":"https:\/\/www.cvs-avocats.com\/fr\/wp-json\/wp\/v2\/intervention_field"}],"about":[{"href":"https:\/\/www.cvs-avocats.com\/fr\/wp-json\/wp\/v2\/types\/intervention_field"}],"author":[{"embeddable":true,"href":"https:\/\/www.cvs-avocats.com\/fr\/wp-json\/wp\/v2\/users\/7"}],"version-history":[{"count":0,"href":"https:\/\/www.cvs-avocats.com\/fr\/wp-json\/wp\/v2\/intervention_field\/1337\/revisions"}],"wp:featuredmedia":[{"embeddable":true,"href":"https:\/\/www.cvs-avocats.com\/fr\/wp-json\/wp\/v2\/media\/6482"}],"wp:attachment":[{"href":"https:\/\/www.cvs-avocats.com\/fr\/wp-json\/wp\/v2\/media?parent=1337"}],"curies":[{"name":"wp","href":"https:\/\/api.w.org\/{rel}","templated":true}]}}

<p>Cornet Vincent Ségurel intervient soit à l’occasion de cessions amiables du capital des sociétés en difficultés, soit dans le cadre de la cession judiciaire de tout ou partie des actifs de l’entreprise en difficultés.</p>
