{"id":1327,"date":"2019-07-17T09:50:47","date_gmt":"2019-07-17T07:50:47","guid":{"rendered":"https:\/\/www.cvs-avocats.com\/expertise\/domaine\/reorganisation-interne-croissance-externe-externalisation\/"},"modified":"2025-07-07T13:28:50","modified_gmt":"2025-07-07T11:28:50","slug":"reorganisation-interne-croissance-externe-externalisation","status":"publish","type":"intervention_field","link":"https:\/\/www.cvs-avocats.com\/fr\/domaine\/reorganisation-interne-croissance-externe-externalisation\/","title":{"rendered":"R\u00e9organisation interne &#8211; Croissance externe &#8211; Externalisation"},"excerpt":{"rendered":"<p>Nous travaillons en synergie avec les avocats des d\u00e9partements Fusions Acquisitions, Droit Fiscal, Proc\u00e9dures Collectives, Droit Public, pour accompagner nos interlocuteurs dans les \u00e9volutions des entreprises.<\/p>\n","protected":false},"author":7,"featured_media":6458,"template":"","meta":{"_acf_changed":false},"class_list":["post-1327","intervention_field","type-intervention_field","status-publish","has-post-thumbnail","hentry"],"acf":[],"_links":{"self":[{"href":"https:\/\/www.cvs-avocats.com\/fr\/wp-json\/wp\/v2\/intervention_field\/1327","targetHints":{"allow":["GET"]}}],"collection":[{"href":"https:\/\/www.cvs-avocats.com\/fr\/wp-json\/wp\/v2\/intervention_field"}],"about":[{"href":"https:\/\/www.cvs-avocats.com\/fr\/wp-json\/wp\/v2\/types\/intervention_field"}],"author":[{"embeddable":true,"href":"https:\/\/www.cvs-avocats.com\/fr\/wp-json\/wp\/v2\/users\/7"}],"version-history":[{"count":0,"href":"https:\/\/www.cvs-avocats.com\/fr\/wp-json\/wp\/v2\/intervention_field\/1327\/revisions"}],"wp:featuredmedia":[{"embeddable":true,"href":"https:\/\/www.cvs-avocats.com\/fr\/wp-json\/wp\/v2\/media\/6458"}],"wp:attachment":[{"href":"https:\/\/www.cvs-avocats.com\/fr\/wp-json\/wp\/v2\/media?parent=1327"}],"curies":[{"name":"wp","href":"https:\/\/api.w.org\/{rel}","templated":true}]}}

Réorganisation interne &#8211; Croissance externe &#8211; Externalisation

<p>Nous travaillons en synergie avec les avocats des départements Fusions Acquisitions, Droit Fiscal, Procédures Collectives, Droit Public, pour accompagner nos interlocuteurs dans les évolutions des entreprises.</p>
