{"id":1305,"date":"2019-07-11T10:40:13","date_gmt":"2019-07-11T08:40:13","guid":{"rendered":"https:\/\/www.cvs-avocats.com\/expertise\/domaine\/vie-collectivites-institutions-publiques\/"},"modified":"2025-07-07T13:33:05","modified_gmt":"2025-07-07T11:33:05","slug":"vie-collectivites-institutions-publiques","status":"publish","type":"intervention_field","link":"https:\/\/www.cvs-avocats.com\/fr\/domaine\/vie-collectivites-institutions-publiques\/","title":{"rendered":"Vie des collectivit\u00e9s et institutions publiques"},"excerpt":{"rendered":"<p>L\u2019\u00e9quipe Droit public de Cornet Vincent S\u00e9gurel assiste, conseille et d\u00e9fend les acteurs publics et \u00e9lus dans leur \u00ab vie \u00bb juridique.<\/p>\n","protected":false},"author":7,"featured_media":6567,"template":"","meta":{"_acf_changed":false},"class_list":["post-1305","intervention_field","type-intervention_field","status-publish","has-post-thumbnail","hentry"],"acf":[],"_links":{"self":[{"href":"https:\/\/www.cvs-avocats.com\/fr\/wp-json\/wp\/v2\/intervention_field\/1305","targetHints":{"allow":["GET"]}}],"collection":[{"href":"https:\/\/www.cvs-avocats.com\/fr\/wp-json\/wp\/v2\/intervention_field"}],"about":[{"href":"https:\/\/www.cvs-avocats.com\/fr\/wp-json\/wp\/v2\/types\/intervention_field"}],"author":[{"embeddable":true,"href":"https:\/\/www.cvs-avocats.com\/fr\/wp-json\/wp\/v2\/users\/7"}],"version-history":[{"count":0,"href":"https:\/\/www.cvs-avocats.com\/fr\/wp-json\/wp\/v2\/intervention_field\/1305\/revisions"}],"wp:featuredmedia":[{"embeddable":true,"href":"https:\/\/www.cvs-avocats.com\/fr\/wp-json\/wp\/v2\/media\/6567"}],"wp:attachment":[{"href":"https:\/\/www.cvs-avocats.com\/fr\/wp-json\/wp\/v2\/media?parent=1305"}],"curies":[{"name":"wp","href":"https:\/\/api.w.org\/{rel}","templated":true}]}}

Vie des collectivités et institutions publiques

<p>L’équipe Droit public de Cornet Vincent Ségurel assiste, conseille et défend les acteurs publics et élus dans leur « vie » juridique.</p>
