{"id":1259,"date":"2019-07-11T09:23:11","date_gmt":"2019-07-11T07:23:11","guid":{"rendered":"https:\/\/www.cvs-avocats.com\/expertise\/domaine\/responsabilite-civile-professionnelle-des-professions-reglementees\/"},"modified":"2025-07-07T13:28:04","modified_gmt":"2025-07-07T11:28:04","slug":"responsabilite-civile-professionnelle-des-professions-reglementees","status":"publish","type":"intervention_field","link":"https:\/\/www.cvs-avocats.com\/fr\/domaine\/responsabilite-civile-professionnelle-des-professions-reglementees\/","title":{"rendered":"Responsabilit\u00e9 civile professionnelle des professions r\u00e9glement\u00e9es"},"excerpt":{"rendered":"<p>Nous intervenons \u00e0 vos c\u00f4t\u00e9s, soit sur demande des Ordres professionnels, des compagnies d\u2019assurances sp\u00e9cialis\u00e9es dans ces risques ou directement \u00e0 votre demande.<\/p>\n","protected":false},"author":7,"featured_media":7892,"template":"","meta":{"_acf_changed":false},"class_list":["post-1259","intervention_field","type-intervention_field","status-publish","has-post-thumbnail","hentry"],"acf":[],"_links":{"self":[{"href":"https:\/\/www.cvs-avocats.com\/fr\/wp-json\/wp\/v2\/intervention_field\/1259","targetHints":{"allow":["GET"]}}],"collection":[{"href":"https:\/\/www.cvs-avocats.com\/fr\/wp-json\/wp\/v2\/intervention_field"}],"about":[{"href":"https:\/\/www.cvs-avocats.com\/fr\/wp-json\/wp\/v2\/types\/intervention_field"}],"author":[{"embeddable":true,"href":"https:\/\/www.cvs-avocats.com\/fr\/wp-json\/wp\/v2\/users\/7"}],"version-history":[{"count":0,"href":"https:\/\/www.cvs-avocats.com\/fr\/wp-json\/wp\/v2\/intervention_field\/1259\/revisions"}],"wp:featuredmedia":[{"embeddable":true,"href":"https:\/\/www.cvs-avocats.com\/fr\/wp-json\/wp\/v2\/media\/7892"}],"wp:attachment":[{"href":"https:\/\/www.cvs-avocats.com\/fr\/wp-json\/wp\/v2\/media?parent=1259"}],"curies":[{"name":"wp","href":"https:\/\/api.w.org\/{rel}","templated":true}]}}

Responsabilité civile professionnelle des professions réglementées

<p>Nous intervenons à vos côtés, soit sur demande des Ordres professionnels, des compagnies d’assurances spécialisées dans ces risques ou directement à votre demande.</p>
