{"id":1250,"date":"2019-07-11T08:59:56","date_gmt":"2019-07-11T06:59:56","guid":{"rendered":"https:\/\/www.cvs-avocats.com\/expertise\/domaine\/communications-commerciales\/"},"modified":"2025-07-07T15:39:17","modified_gmt":"2025-07-07T13:39:17","slug":"communications-commerciales","status":"publish","type":"intervention_field","link":"https:\/\/www.cvs-avocats.com\/fr\/domaine\/communications-commerciales\/","title":{"rendered":"Communications commerciales"},"excerpt":{"rendered":"<p>Notre \u00e9quipe intervient aux c\u00f4t\u00e9s de ses clients pour les accompagner dans leurs communications commerciales \u00e0 tout niveau.<\/p>\n","protected":false},"author":7,"featured_media":6454,"template":"","meta":{"_acf_changed":false},"class_list":["post-1250","intervention_field","type-intervention_field","status-publish","has-post-thumbnail","hentry"],"acf":[],"_links":{"self":[{"href":"https:\/\/www.cvs-avocats.com\/fr\/wp-json\/wp\/v2\/intervention_field\/1250","targetHints":{"allow":["GET"]}}],"collection":[{"href":"https:\/\/www.cvs-avocats.com\/fr\/wp-json\/wp\/v2\/intervention_field"}],"about":[{"href":"https:\/\/www.cvs-avocats.com\/fr\/wp-json\/wp\/v2\/types\/intervention_field"}],"author":[{"embeddable":true,"href":"https:\/\/www.cvs-avocats.com\/fr\/wp-json\/wp\/v2\/users\/7"}],"version-history":[{"count":0,"href":"https:\/\/www.cvs-avocats.com\/fr\/wp-json\/wp\/v2\/intervention_field\/1250\/revisions"}],"wp:featuredmedia":[{"embeddable":true,"href":"https:\/\/www.cvs-avocats.com\/fr\/wp-json\/wp\/v2\/media\/6454"}],"wp:attachment":[{"href":"https:\/\/www.cvs-avocats.com\/fr\/wp-json\/wp\/v2\/media?parent=1250"}],"curies":[{"name":"wp","href":"https:\/\/api.w.org\/{rel}","templated":true}]}}

<p>Notre équipe intervient aux côtés de ses clients pour les accompagner dans leurs communications commerciales à tout niveau.</p>
