{"id":8883,"date":"2019-06-20T13:38:55","date_gmt":"2019-06-20T11:38:55","guid":{"rendered":"https:\/\/www.cvs-avocats.com\/?page_id=8883"},"modified":"2026-03-13T12:55:19","modified_gmt":"2026-03-13T11:55:19","slug":"privacy-notices","status":"publish","type":"page","link":"https:\/\/www.cvs-avocats.com\/en\/privacy-notices\/","title":{"rendered":"Privacy Notices"},"content":{"rendered":"\n<div class=\"wp-block-group\"><div class=\"wp-block-group__inner-container is-layout-constrained wp-block-group-is-layout-constrained\">\n<p><strong>Cornet Vincent S\u00e9gurel<\/strong>, Soci\u00e9t\u00e9 d&#8217;Exercice Lib\u00e9ral A Responsabilit\u00e9 Limit\u00e9e (SELARL) inter-barreaux registered with the Bars of Nantes, Paris, Rennes, Lille, Bordeaux and Lyon and registered with the Nantes Trade and Companies Register under number 344 040 647, having its principal place of business at 28 boulevard de Launay, 44186 Nantes (hereinafter the &#8220;Firm&#8221;), is concerned about the protection of the personal data of visitors (hereinafter &#8220;You&#8221;) to its website www. cvs-avocats.com (hereinafter the &#8220;Site&#8221;).<\/p>\n\n\n\n<p>By visiting the Site, you are likely to communicate personal data.<\/p>\n\n\n\n<p>In connection with the collection and processing of personal data on the Site, the Firm acts as data controller, and undertakes to protect such data in accordance with applicable regulations and in particular Regulation (EU) No. 2016\/679 of April 27, 2016 known as the &#8220;General Data Protection Regulation&#8221; or &#8220;GDPR&#8221;) and Law No. 78-17 of January 6, 1978 known as the &#8220;Data Protection Act&#8221; as amended (hereinafter the &#8220;Applicable Regulations&#8221;).<\/p>\n\n\n\n<p>This policy may be amended or modified at any time in the event of changes in legislation, case law, <a href=\"https:\/\/www.cnil.fr\/\">CNIL<\/a> decisions and recommendations or usage.<\/p>\n\n\n\n<p>Your use of the Site indicates your full acceptance and understanding of the latest version of this Policy.<\/p>\n\n\n\n<div style=\"height:50px\" aria-hidden=\"true\" class=\"wp-block-spacer\"><\/div>\n\n\n\n<h2 class=\"wp-block-heading\">1. Definitions<\/h2>\n\n\n\n<ul class=\"wp-block-list\">\n<li><strong>Recipient<\/strong>: refers to the natural or legal person, public authority, department or other body that receives personal data, whether or not it is a third part;&nbsp;<\/li>\n\n\n\n<li><strong>Personal data:<\/strong> means any information relating to a natural person who is directly or indirectly identified or identifiable, in particular by reference to an identifier, such as a name, an identification number, location data, an online identifier, or to one or more factors specific to his or her physical, physiological, genetic, mental, economic, cultural or social identity;<\/li>\n\n\n\n<li><strong>Controller:<\/strong> refers to the natural or legal person, public authority, department or other body which, alone or jointly with others, determines the purposes and means of the processing;<\/li>\n\n\n\n<li><strong>Sub-processor<\/strong>: means the natural or legal person, public authority, agency or other body which processes personal data on behalf of the controller or the original processor;<\/li>\n\n\n\n<li><strong>Processing:<\/strong> means any operation or set of operations which may or may not be performed using automated processes and applied to personal data or sets of personal data, such as collection, recording, organization, structuring, storage, adaptation or alteration, retrieval, consultation, use, communication by transmission, dissemination or otherwise making available, alignment or combination, restriction, erasure or destruction.<\/li>\n<\/ul>\n\n\n\n<p>Other words and expressions used in this Policy have the meaning given to them by the applicable Regulations.<\/p>\n\n\n\n<div style=\"height:50px\" aria-hidden=\"true\" class=\"wp-block-spacer\"><\/div>\n\n\n\n<h2 class=\"wp-block-heading\">2. Personal data collected and purposes of Processing<\/h2>\n\n\n\n<p>The Firm collects the following Personal Data on the basis of your consent, for the needs of its business and the performance of its contractual or pre-contractual, legal or regulatory obligations and legitimate interest:&nbsp;<\/p>\n\n\n\n<figure class=\"wp-block-table\"><table><thead><tr><th>Means of collection<\/th><th>Personal data concerned<\/th><th>Purpose of processing<\/th><\/tr><\/thead><tbody><tr><td>Site general contact form<\/td><td>Identifying data (surname, first name), Contact data (e-mail address, telephone number), Office selection Any information entered in the free message area<\/td><td>Communicate with you when you request information<\/td><\/tr><tr><td>Subscribe to our newsletter<\/td><td>Last name, first name, company or individual, company name, city, Email address<\/td><td>Communicate with you for the purpose of sending you Cabinet newsletters and Cabinet service offers<\/td><\/tr><tr><td>Contact form Spontaneous application or for a job at Cornet Vincent S\u00e9gurel<\/td><td>Identifying data (first and last name) and contact data (email address and telephone number), Office selection, Curriculum Vitae, Type of contract desired, Cover letter if applicable, Any information indicated in the free message area.<\/td><td>Recruitment management<\/td><\/tr><tr><td>Contact by email<\/td><td>Surname, first name, email address, copy of ID, purpose of request.<\/td><td>Management of data subjects&#8217; requests for rights relating to the Processing of their Personal Data by the Firm<\/td><\/tr><tr><td>Private Extranet<\/td><td>Email address and password<\/td><td>Case management<\/td><\/tr><tr><td>Digital Service Ziplo (https:\/\/ziplo.fr)<\/td><td>&nbsp;<\/td><td>Secure, time-stamped file transfer<\/td><\/tr><\/tbody><\/table><\/figure>\n\n\n\n<p>The compulsory or optional nature of data entry is specified at the time of collection, by the affixing of an asterisk &#8220;*&#8221; next to the Personal Data that must be filled in.<\/p>\n\n\n\n<p>The compulsory nature of the communication of some of your Personal Data is justified by the implementation of the aforementioned purposes specified by Cabinet. Optional Personal Data enables Cabinet to get to know you better or to specify your request.<\/p>\n\n\n\n<div style=\"height:50px\" aria-hidden=\"true\" class=\"wp-block-spacer\"><\/div>\n\n\n\n<h2 class=\"wp-block-heading\">How long we keep your Personal Data<\/h2>\n\n\n\n<p>The Firm only retains your Personal Data for the time necessary to carry out the operations for which it was collected and in compliance with the applicable Regulations.<\/p>\n\n\n\n<p>Personal Data collected for recruitment purposes will be kept only for as long as is necessary for the recruitment process. In the event of a negative outcome to a job application, your Personal Data will be archived for a period of two (2) years to enable us to contact you again if necessary.<\/p>\n\n\n\n<p>Personal Data collected via contact forms will be kept for a period of three (3) years following the last contact.<\/p>\n\n\n\n<p>In the event that you enter into a contractual relationship with us, your Personal Data will be kept for as long as is necessary for the proper management of the contractual relationship, and will then be archived for the legal period of prescription for the purposes of proof for the establishment, exercise or defense of a legal claim.<\/p>\n\n\n\n<div style=\"height:50px\" aria-hidden=\"true\" class=\"wp-block-spacer\"><\/div>\n\n\n\n<h2 class=\"wp-block-heading\">4. Recipients<\/h2>\n\n\n\n<p>Within the framework of a strict policy of access and confidentiality management, only the recipients duly authorized by the Firm and listed below may access the information you have communicated to us.<\/p>\n\n\n\n<p><strong>4.1. Internal recipients<\/strong><\/p>\n\n\n\n<p>The personal data collected is intended for use by the firm&#8217;s lawyers and administrative staff.<\/p>\n\n\n\n<p><strong>4.2. Subcontractors and external service providers<\/strong><\/p>\n\n\n\n<p>When the Firm uses an external service provider or a Subcontractor, it only communicates Personal Data to the latter when strictly necessary, and only after having obtained a commitment and guarantees from the latter regarding its ability to meet the security and confidentiality requirements imposed by the applicable Regulations.<\/p>\n\n\n\n<p>In compliance with its legal and regulatory obligations, the Firm enters into contracts with its Subcontractors which precisely define the terms and conditions under which the latter will Process Personal Data, in accordance with the applicable Regulations.<\/p>\n\n\n\n<p>The Cabinet&#8217;s list of Subcontractors is regularly updated. You can request it at the following e-mail address data@cvs-avocats.com.res.<\/p>\n\n\n\n<p><strong>4.3. Authorities<\/strong><\/p>\n\n\n\n<p>The Firm may disclose your Personal Data to administrative or judicial authorities when disclosure is necessary to defend its interests, or to identify, arrest or prosecute any individual likely to harm the rights of the Firm, any other user or any third party.<\/p>\n\n\n\n<div style=\"height:50px\" aria-hidden=\"true\" class=\"wp-block-spacer\"><\/div>\n\n\n\n<h2 class=\"wp-block-heading\">5. Hosting of Personal Data<\/h2>\n\n\n\n<p>The Processing and hosting of Personal Data takes place within the European Economic Area (&#8220;EEA&#8221;).<\/p>\n\n\n\n<p>Nevertheless, if the Firm is required to transfer and\/or store your Personal Data to a destination outside the EEA, where one of the third parties identified below is located outside the EEA, the Firm guarantees that such transfers are carried out to States that are the subject of an adequacy decision by the European Commission, justifying an adequate level of protection, within the meaning of Article 45 of the RGPD.<\/p>\n\n\n\n<p>In the absence of an adequacy decision, the Firm may transfer Personal Data outside the European Union to Subcontractors, under the conditions provided for by the applicable Regulations, in particular by concluding standard subcontracting clauses approved by the European Commission.<\/p>\n\n\n\n<div style=\"height:50px\" aria-hidden=\"true\" class=\"wp-block-spacer\"><\/div>\n\n\n\n<h2 class=\"wp-block-heading\">6. Your rights<\/h2>\n\n\n\n<p>In accordance with the applicable Regulations, you have the right to access, rectify, limit the processing of, delete, port and object to your Personal Data.<\/p>\n\n\n\n<p>You also have the right to define general and specific directives defining the way in which you intend the above-mentioned rights to be exercised after your death.<\/p>\n\n\n\n<p>To exercise these rights, you may at any time contact the Cabinet&#8217;s Data Protection Officer by e-mail at the following address: data@cvs-avocats.com<\/p>\n\n\n\n<p>or by post at the following address Cornet Vincent S\u00e9gurel, D\u00e9l\u00e9gu\u00e9 \u00e0 la Protection des Donn\u00e9es, 28 boulevard de Launay, 44186 Nantes, with a copy of a signed identity document.<\/p>\n\n\n\n<p>For further information or to make a complaint, please contact the Commission Nationale de l&#8217;Informatique et des Libert\u00e9s (CNIL) or any other competent supervisory authority. Please contact us beforehand.<\/p>\n\n\n\n<div style=\"height:50px\" aria-hidden=\"true\" class=\"wp-block-spacer\"><\/div>\n\n\n\n<h2 class=\"wp-block-heading\">7. Safety measures implemented<\/h2>\n\n\n\n<p>The Firm undertakes to ensure the security and integrity of your Personal Data.<\/p>\n\n\n\n<p>To this end, the Firm implements and maintains technical and organizational security measures for the Site and its information system that are appropriate to the nature of the Personal Data and the risks presented by their Processing.<\/p>\n\n\n\n<p>These measures are designed to:<\/p>\n\n\n\n<ul class=\"wp-block-list\">\n<li>protect your Personal Data from destruction, loss, alteration or disclosure to unauthorized third parties,<\/li>\n\n\n\n<li>ensure the restoration of availability and access to your Personal Data within an appropriate timeframe in the event of a physical or technical incident.<\/li>\n<\/ul>\n\n\n\n<div style=\"height:50px\" aria-hidden=\"true\" class=\"wp-block-spacer\"><\/div>\n\n\n\n<h2 class=\"wp-block-heading\">8. Cookie management<\/h2>\n\n\n\n<p>The Firm may use cookies and tracers on the Site in order to improve its functionality and performance, provide additional security and remember you when you return to the Site, and offer you the opportunity to share content on the Site via social networking platforms.<\/p>\n\n\n\n<p>The term &#8220;cookie&#8221; refers to all files stored on an Internet user&#8217;s computer or telephone, used to operate Internet sites and\/or to collect information about said Internet user&#8217;s browsing.<\/p>\n\n\n\n<p>A cookie cannot give Cabinet access to your computer or to any information other than that which you provide to us.<\/p>\n\n\n\n<p>Cabinet does not store any personal data in the cookies it creates. It only uses encrypted information collected from them to improve your experience on the Site.<\/p>\n\n\n\n<p>The cookies used to operate the Site are strictly necessary for its proper functioning, and are therefore exempt from prior consent from the Internet user.<\/p>\n\n\n\n<p>Cookies requiring prior information and consent are, for example :<\/p>\n\n\n\n<ul class=\"wp-block-list\">\n<li>cookies related to advertising operations;<\/li>\n\n\n\n<li>social network cookies generated by sharing buttons;<\/li>\n\n\n\n<li>certain audience measurement cookies.<\/li>\n<\/ul>\n\n\n\n<p>The Cabinet uses the following cookies on its Site:<\/p>\n\n\n\n<p>Retention period 6 months maximum<\/p>\n\n\n\n<p>You can block the use of certain cookies by clicking on the &#8220;Configure my choices&#8221; tab in the cookies banner, although you should be aware that some of the site&#8217;s functions will no longer be accessible. These cookies do not store any personally identifiable information.<\/p>\n<\/div><\/div>\n","protected":false},"excerpt":{"rendered":"<p>Here you will find information on our privacy policy for the processing of personal data collected on this website.<\/p>\n","protected":false},"author":7,"featured_media":7561,"parent":0,"menu_order":0,"comment_status":"closed","ping_status":"closed","template":"page-confidentiality.php","meta":{"_acf_changed":false,"footnotes":""},"class_list":["post-8883","page","type-page","status-publish","has-post-thumbnail","hentry"],"acf":[],"_links":{"self":[{"href":"https:\/\/www.cvs-avocats.com\/en\/wp-json\/wp\/v2\/pages\/8883","targetHints":{"allow":["GET"]}}],"collection":[{"href":"https:\/\/www.cvs-avocats.com\/en\/wp-json\/wp\/v2\/pages"}],"about":[{"href":"https:\/\/www.cvs-avocats.com\/en\/wp-json\/wp\/v2\/types\/page"}],"author":[{"embeddable":true,"href":"https:\/\/www.cvs-avocats.com\/en\/wp-json\/wp\/v2\/users\/7"}],"replies":[{"embeddable":true,"href":"https:\/\/www.cvs-avocats.com\/en\/wp-json\/wp\/v2\/comments?post=8883"}],"version-history":[{"count":0,"href":"https:\/\/www.cvs-avocats.com\/en\/wp-json\/wp\/v2\/pages\/8883\/revisions"}],"wp:featuredmedia":[{"embeddable":true,"href":"https:\/\/www.cvs-avocats.com\/en\/wp-json\/wp\/v2\/media\/7561"}],"wp:attachment":[{"href":"https:\/\/www.cvs-avocats.com\/en\/wp-json\/wp\/v2\/media?parent=8883"}],"curies":[{"name":"wp","href":"https:\/\/api.w.org\/{rel}","templated":true}]}}

<div class="wp-block-group"><div class="wp-block-group__inner-container is-layout-constrained wp-block-group-is-layout-constrained">
<p><strong>Cornet Vincent Ségurel</strong>, Société d&#8217;Exercice Libéral A Responsabilité Limitée (SELARL) inter-barreaux registered with the Bars of Nantes, Paris, Rennes, Lille, Bordeaux and Lyon and registered with the Nantes Trade and Companies Register under number 344 040 647, having its principal place of business at 28 boulevard de Launay, 44186 Nantes (hereinafter the &#8220;Firm&#8221;), is concerned about the protection of the personal data of visitors (hereinafter &#8220;You&#8221;) to its website www. cvs-avocats.com (hereinafter the &#8220;Site&#8221;).</p>



<p>By visiting the Site, you are likely to communicate personal data.</p>



<p>In connection with the collection and processing of personal data on the Site, the Firm acts as data controller, and undertakes to protect such data in accordance with applicable regulations and in particular Regulation (EU) No. 2016/679 of April 27, 2016 known as the &#8220;General Data Protection Regulation&#8221; or &#8220;GDPR&#8221;) and Law No. 78-17 of January 6, 1978 known as the &#8220;Data Protection Act&#8221; as amended (hereinafter the &#8220;Applicable Regulations&#8221;).</p>



<p>This policy may be amended or modified at any time in the event of changes in legislation, case law, <a href="https://www.cnil.fr/">CNIL</a> decisions and recommendations or usage.</p>



<p>Your use of the Site indicates your full acceptance and understanding of the latest version of this Policy.</p>



<div style="height:50px" aria-hidden="true" class="wp-block-spacer"></div>



<h2 class="wp-block-heading">1. Definitions</h2>



<ul class="wp-block-list">
<li><strong>Recipient</strong>: refers to the natural or legal person, public authority, department or other body that receives personal data, whether or not it is a third part;&nbsp;</li>



<li><strong>Personal data:</strong> means any information relating to a natural person who is directly or indirectly identified or identifiable, in particular by reference to an identifier, such as a name, an identification number, location data, an online identifier, or to one or more factors specific to his or her physical, physiological, genetic, mental, economic, cultural or social identity;</li>



<li><strong>Controller:</strong> refers to the natural or legal person, public authority, department or other body which, alone or jointly with others, determines the purposes and means of the processing;</li>



<li><strong>Sub-processor</strong>: means the natural or legal person, public authority, agency or other body which processes personal data on behalf of the controller or the original processor;</li>



<li><strong>Processing:</strong> means any operation or set of operations which may or may not be performed using automated processes and applied to personal data or sets of personal data, such as collection, recording, organization, structuring, storage, adaptation or alteration, retrieval, consultation, use, communication by transmission, dissemination or otherwise making available, alignment or combination, restriction, erasure or destruction.</li>
</ul>



<p>Other words and expressions used in this Policy have the meaning given to them by the applicable Regulations.</p>



<div style="height:50px" aria-hidden="true" class="wp-block-spacer"></div>



<h2 class="wp-block-heading">2. Personal data collected and purposes of Processing</h2>



<p>The Firm collects the following Personal Data on the basis of your consent, for the needs of its business and the performance of its contractual or pre-contractual, legal or regulatory obligations and legitimate interest:&nbsp;</p>



<figure class="wp-block-table"><table><thead><tr><th>Means of collection</th><th>Personal data concerned</th><th>Purpose of processing</th></tr></thead><tbody><tr><td>Site general contact form</td><td>Identifying data (surname, first name), Contact data (e-mail address, telephone number), Office selection Any information entered in the free message area</td><td>Communicate with you when you request information</td></tr><tr><td>Subscribe to our newsletter</td><td>Last name, first name, company or individual, company name, city, Email address</td><td>Communicate with you for the purpose of sending you Cabinet newsletters and Cabinet service offers</td></tr><tr><td>Contact form Spontaneous application or for a job at Cornet Vincent Ségurel</td><td>Identifying data (first and last name) and contact data (email address and telephone number), Office selection, Curriculum Vitae, Type of contract desired, Cover letter if applicable, Any information indicated in the free message area.</td><td>Recruitment management</td></tr><tr><td>Contact by email</td><td>Surname, first name, email address, copy of ID, purpose of request.</td><td>Management of data subjects&#8217; requests for rights relating to the Processing of their Personal Data by the Firm</td></tr><tr><td>Private Extranet</td><td>Email address and password</td><td>Case management</td></tr><tr><td>Digital Service Ziplo (https://ziplo.fr)</td><td>&nbsp;</td><td>Secure, time-stamped file transfer</td></tr></tbody></table></figure>



<p>The compulsory or optional nature of data entry is specified at the time of collection, by the affixing of an asterisk &#8220;*&#8221; next to the Personal Data that must be filled in.</p>



<p>The compulsory nature of the communication of some of your Personal Data is justified by the implementation of the aforementioned purposes specified by Cabinet. Optional Personal Data enables Cabinet to get to know you better or to specify your request.</p>



<div style="height:50px" aria-hidden="true" class="wp-block-spacer"></div>



<h2 class="wp-block-heading">How long we keep your Personal Data</h2>



<p>The Firm only retains your Personal Data for the time necessary to carry out the operations for which it was collected and in compliance with the applicable Regulations.</p>



<p>Personal Data collected for recruitment purposes will be kept only for as long as is necessary for the recruitment process. In the event of a negative outcome to a job application, your Personal Data will be archived for a period of two (2) years to enable us to contact you again if necessary.</p>



<p>Personal Data collected via contact forms will be kept for a period of three (3) years following the last contact.</p>



<p>In the event that you enter into a contractual relationship with us, your Personal Data will be kept for as long as is necessary for the proper management of the contractual relationship, and will then be archived for the legal period of prescription for the purposes of proof for the establishment, exercise or defense of a legal claim.</p>



<div style="height:50px" aria-hidden="true" class="wp-block-spacer"></div>



<h2 class="wp-block-heading">4. Recipients</h2>



<p>Within the framework of a strict policy of access and confidentiality management, only the recipients duly authorized by the Firm and listed below may access the information you have communicated to us.</p>



<p><strong>4.1. Internal recipients</strong></p>



<p>The personal data collected is intended for use by the firm&#8217;s lawyers and administrative staff.</p>



<p><strong>4.2. Subcontractors and external service providers</strong></p>



<p>When the Firm uses an external service provider or a Subcontractor, it only communicates Personal Data to the latter when strictly necessary, and only after having obtained a commitment and guarantees from the latter regarding its ability to meet the security and confidentiality requirements imposed by the applicable Regulations.</p>



<p>In compliance with its legal and regulatory obligations, the Firm enters into contracts with its Subcontractors which precisely define the terms and conditions under which the latter will Process Personal Data, in accordance with the applicable Regulations.</p>



<p>The Cabinet&#8217;s list of Subcontractors is regularly updated. You can request it at the following e-mail address data@cvs-avocats.com.res.</p>



<p><strong>4.3. Authorities</strong></p>



<p>The Firm may disclose your Personal Data to administrative or judicial authorities when disclosure is necessary to defend its interests, or to identify, arrest or prosecute any individual likely to harm the rights of the Firm, any other user or any third party.</p>



<div style="height:50px" aria-hidden="true" class="wp-block-spacer"></div>



<h2 class="wp-block-heading">5. Hosting of Personal Data</h2>



<p>The Processing and hosting of Personal Data takes place within the European Economic Area (&#8220;EEA&#8221;).</p>



<p>Nevertheless, if the Firm is required to transfer and/or store your Personal Data to a destination outside the EEA, where one of the third parties identified below is located outside the EEA, the Firm guarantees that such transfers are carried out to States that are the subject of an adequacy decision by the European Commission, justifying an adequate level of protection, within the meaning of Article 45 of the RGPD.</p>



<p>In the absence of an adequacy decision, the Firm may transfer Personal Data outside the European Union to Subcontractors, under the conditions provided for by the applicable Regulations, in particular by concluding standard subcontracting clauses approved by the European Commission.</p>



<div style="height:50px" aria-hidden="true" class="wp-block-spacer"></div>



<h2 class="wp-block-heading">6. Your rights</h2>



<p>In accordance with the applicable Regulations, you have the right to access, rectify, limit the processing of, delete, port and object to your Personal Data.</p>



<p>You also have the right to define general and specific directives defining the way in which you intend the above-mentioned rights to be exercised after your death.</p>



<p>To exercise these rights, you may at any time contact the Cabinet&#8217;s Data Protection Officer by e-mail at the following address: data@cvs-avocats.com</p>



<p>or by post at the following address Cornet Vincent Ségurel, Délégué à la Protection des Données, 28 boulevard de Launay, 44186 Nantes, with a copy of a signed identity document.</p>



<p>For further information or to make a complaint, please contact the Commission Nationale de l&#8217;Informatique et des Libertés (CNIL) or any other competent supervisory authority. Please contact us beforehand.</p>



<div style="height:50px" aria-hidden="true" class="wp-block-spacer"></div>



<h2 class="wp-block-heading">7. Safety measures implemented</h2>



<p>The Firm undertakes to ensure the security and integrity of your Personal Data.</p>



<p>To this end, the Firm implements and maintains technical and organizational security measures for the Site and its information system that are appropriate to the nature of the Personal Data and the risks presented by their Processing.</p>



<p>These measures are designed to:</p>



<ul class="wp-block-list">
<li>protect your Personal Data from destruction, loss, alteration or disclosure to unauthorized third parties,</li>



<li>ensure the restoration of availability and access to your Personal Data within an appropriate timeframe in the event of a physical or technical incident.</li>
</ul>



<div style="height:50px" aria-hidden="true" class="wp-block-spacer"></div>



<h2 class="wp-block-heading">8. Cookie management</h2>



<p>The Firm may use cookies and tracers on the Site in order to improve its functionality and performance, provide additional security and remember you when you return to the Site, and offer you the opportunity to share content on the Site via social networking platforms.</p>



<p>The term &#8220;cookie&#8221; refers to all files stored on an Internet user&#8217;s computer or telephone, used to operate Internet sites and/or to collect information about said Internet user&#8217;s browsing.</p>



<p>A cookie cannot give Cabinet access to your computer or to any information other than that which you provide to us.</p>



<p>Cabinet does not store any personal data in the cookies it creates. It only uses encrypted information collected from them to improve your experience on the Site.</p>



<p>The cookies used to operate the Site are strictly necessary for its proper functioning, and are therefore exempt from prior consent from the Internet user.</p>



<p>Cookies requiring prior information and consent are, for example :</p>



<ul class="wp-block-list">
<li>cookies related to advertising operations;</li>



<li>social network cookies generated by sharing buttons;</li>



<li>certain audience measurement cookies.</li>
</ul>



<p>The Cabinet uses the following cookies on its Site:</p>



<p>Retention period 6 months maximum</p>



<p>You can block the use of certain cookies by clicking on the &#8220;Configure my choices&#8221; tab in the cookies banner, although you should be aware that some of the site&#8217;s functions will no longer be accessible. These cookies do not store any personally identifiable information.</p>
</div></div>
